
{"id":21915,"date":"2021-10-07T08:01:30","date_gmt":"2021-10-07T08:01:30","guid":{"rendered":"https:\/\/novaweb.marinabadalona.cat\/en\/organs-de-govern\/"},"modified":"2024-01-16T13:55:12","modified_gmt":"2024-01-16T12:55:12","slug":"governing-bodies","status":"publish","type":"page","link":"https:\/\/marinabadalona.cat\/en\/governing-bodies\/","title":{"rendered":"GOVERNING BODIES"},"content":{"rendered":"<div class=\"wpb-content-wrapper\"><p>[vc_row type=&#8221;full_width_section&#8221;][vc_column width=&#8221;1\/1&#8243;][rev_slider_vc alias=&#8221;slide-home&#8221;][\/vc_column][\/vc_row][vc_row top_padding=&#8221;100&#8243; bottom_padding=&#8221;40&#8243;][vc_column width=&#8221;1\/1&#8243;]<h1 class=\"headline font-special fontsize-xxl fontweight-500 lh-inherit align-center transform-uppercase \" style=\"margin: 0 0 20px 0;\">GOVERNING BODIES<\/h1><div class=\"headline font-special fontsize-l fontweight-400 lh-inherit align-center transform-inherit \" style=\"margin: 0 0 20px 0; color: #999999;\">THE COMPANY\u2019S GOVERNING BODIES ARE THE GENERAL MEETING, THE BOARD OF DIRECTORS AND THE MANAGEMENT<\/div><div class=\"divider divider1\" style='margin:0px 0 0px 0 !important;'><\/div>[\/vc_column][\/vc_row][vc_row top_padding=&#8221;0&#8243; bottom_padding=&#8221;40&#8243; bg_position=&#8221;left top&#8221;][vc_column width=&#8221;1\/1&#8243;][vc_column_text]The company\u2019s governing and management bodies are:<\/p>\n<ul>\n<li>The General Meeting. This consists of representatives (50% each) of the two partners: Badalona City Council and the Government of Catalonia. It is chaired by the Mayor of the City.<\/li>\n<li>The Board of Directors. This consists of 14 people (seven representing the City Council and seven representing the Government of Catalonia). It is chaired by the Mayor of the City.<br \/>\nA first vice-chair (Government of Catalonia) and second vice-chair (City Council) are appointed. The board may choose to appoint executive directors from among its members (serving for five years renewable once or more times for a period of equal duration). There are currently no executive directors and the company is run by the management.<\/li>\n<li>The Management. <a href=\"https:\/\/marinabadalona.cat\/wp-content\/uploads\/2023\/11\/CV-Imanol-Sanz-Martinez.pdf\" target=\"_blank\" rel=\"noopener\">Imanol Sanz Mart\u00ednez<\/a> has been manager of Marina Badalona since 1 February 2013.<\/li>\n<\/ul>\n<p>[\/vc_column_text][\/vc_column][\/vc_row][vc_row bottom_padding=&#8221;20&#8243;][vc_column width=&#8221;1\/1&#8243;][vc_column_text]\n<table id=\"tablepress-150\" class=\"tablepress tablepress-id-150\">\n<tbody class=\"row-striping row-hover\">\n<tr class=\"row-1\">\n\t<td class=\"column-1\">Presidency<\/td><td class=\"column-2\"><a href=\"https:\/\/www.seu-e.cat\/ca\/web\/badalona\/govern-obert-i-transparencia\/informacio-institucional-i-organitzativa\/organitzacio-politica-i-retribucions\/carrecs-electes\/-\/grupPolitic\/veureCarrec\/6401?p_auth=p9HYUKJ5o\" rel=\"noopener\" target=\"_blank\">Xavier Garc\u00eda Albiol<\/a><\/td>\n<\/tr>\n<tr class=\"row-2\">\n\t<td class=\"column-1\">First Vice Presidency<\/td><td class=\"column-2\"><a href=\"https:\/\/www.seu-e.cat\/ca\/web\/badalona\/govern-obert-i-transparencia\/informacio-institucional-i-organitzativa\/organitzacio-politica-i-retribucions\/carrecs-electes\/-\/grupPolitic\/veureCarrec\/12299?p_auth=p9HYUKJ5\" rel=\"noopener\" target=\"_blank\">Fernando Carrera Lopez<\/a> <\/td>\n<\/tr>\n<tr class=\"row-3\">\n\t<td class=\"column-1\">Vice-presidency Segona<\/td><td class=\"column-2\"><a href=\"https:\/\/www.diba.cat\/es\/web\/ladiputacio\/ramon-riera-macia\" rel=\"noopener\" target=\"_blank\">Ram\u00f3n Riera Macia <\/a><\/td>\n<\/tr>\n<tr class=\"row-4\">\n\t<td class=\"column-1\">Councilors Town hall<\/td><td class=\"column-2\"><a href=\"https:\/\/www.seu-e.cat\/ca\/web\/badalona\/govern-obert-i-transparencia\/informacio-institucional-i-organitzativa\/organitzacio-politica-i-retribucions\/carrecs-electes\/-\/grupPolitic\/veureCarrec\/6409?p_auth=p9HYUKJ5\" rel=\"noopener\" target=\"_blank\">Rosa del Amo Hern\u00e1ndez<\/a><br \/>\n<a href=\"https:\/\/www.seu-e.cat\/ca\/web\/badalona\/govern-obert-i-transparencia\/informacio-institucional-i-organitzativa\/organitzacio-politica-i-retribucions\/carrecs-electes\/-\/grupPolitic\/veureCarrec\/12292?p_auth=p9HYUKJ5\" rel=\"noopener\" target=\"_blank\">Sonia Egea P\u00e9rez<\/a><br \/>\n<a href=\"https:\/\/www.seu-e.cat\/ca\/web\/badalona\/govern-obert-i-transparencia\/informacio-institucional-i-organitzativa\/organitzacio-politica-i-retribucions\/carrecs-electes\/-\/grupPolitic\/veureCarrec\/6410?p_auth=p9HYUKJ5\" target=\"_blank\" rel=\"noopener\">Florencia Bad\u00eda Avi\u00f1o<\/a>  <br \/>\n<a href=\"https:\/\/www.seu-e.cat\/ca\/web\/badalona\/govern-obert-i-transparencia\/informacio-institucional-i-organitzativa\/organitzacio-politica-i-retribucions\/carrecs-electes\/-\/grupPolitic\/veureCarrec\/6404?p_auth=p9HYUKJ5\" rel=\"noopener\" target=\"_blank\">Daniel Gracia \u00c1lvarez<\/a>  <br \/>\n<a href=\"https:\/\/www.seu-e.cat\/ca\/web\/badalona\/govern-obert-i-transparencia\/informacio-institucional-i-organitzativa\/organitzacio-politica-i-retribucions\/carrecs-electes\/-\/grupPolitic\/veureCarrec\/12291?p_auth=p9HYUKJ5\" rel=\"noopener\" target=\"_blank\">David Mej\u00eda Ayra<\/a><\/td>\n<\/tr>\n<tr class=\"row-5\">\n\t<td class=\"column-1\">Councilors of the Generalitat<\/td><td class=\"column-2\"><a href=\"https:\/\/www.accio.gencat.cat\/web\/.content\/05_ACCIO\/Agencia\/Normativa-legal-i-transparencia\/Transparencia\/doc\/1-organitzacio\/perfils\/1.2.1.2_Fitxa_Perfil-i-trajectoria-professional_Jaume-Baro-Torres.pdf\" rel=\"noopener\" target=\"_blank\">Jaume Bar\u00f3 Torres<\/a> <br \/>\n<a href=\"https:\/\/marinabadalona.cat\/wp-content\/uploads\/2025\/01\/Antoni-Espanya-Forcadell.pdf\" rel=\"noopener\" target=\"_blank\">Antoni Espanya Forcadell<\/a><br \/>\n<a href=\"https:\/\/marinabadalona.cat\/wp-content\/uploads\/2025\/01\/Jonatan-Ferreras-Roman.pdf\" rel=\"noopener\" target=\"_blank\">Jonatan Ferreras Rom\u00e1n<\/a><br \/>\n<a href=\"https:\/\/marinabadalona.cat\/wp-content\/uploads\/2025\/01\/Maria-Jesus-Lopez-Lopez.pdf\" rel=\"noopener\" target=\"_blank\">Mar\u00eda Jes\u00fas L\u00f3pez L\u00f3pez<\/a><br \/>\n<a href=\"https:\/\/marinabadalona.cat\/wp-content\/uploads\/2025\/01\/Manel-Nadal-i-Farreras.pdf\" rel=\"noopener\" target=\"_blank\">Manel Nadal i Farreras<\/a> <br \/>\n<a href=\"https:\/\/marinabadalona.cat\/wp-content\/uploads\/2025\/01\/David-Prat-Soto.pdf\" rel=\"noopener\" target=\"_blank\">David Prat Soto <\/a><\/td>\n<\/tr>\n<\/tbody>\n<\/table>\n<!-- #tablepress-150 from cache -->[\/vc_column_text][\/vc_column][\/vc_row]<\/p>\n<\/div>","protected":false},"excerpt":{"rendered":"<p>[vc_row type=&#8221;full_width_section&#8221;][vc_column width=&#8221;1\/1&#8243;][rev_slider_vc alias=&#8221;slide-home&#8221;][\/vc_column][\/vc_row][vc_row top_padding=&#8221;100&#8243; bottom_padding=&#8221;40&#8243;][vc_column width=&#8221;1\/1&#8243;][\/vc_column][\/vc_row][vc_row top_padding=&#8221;0&#8243; bottom_padding=&#8221;40&#8243; bg_position=&#8221;left top&#8221;][vc_column width=&#8221;1\/1&#8243;][vc_column_text]The company\u2019s governing and management bodies are: The General Meeting. This consists of representatives (50% each) of the two partners: Badalona City Council and the Government of Catalonia. It is chaired by the Mayor of the City. The Board of Directors. This consists of 14 people (seven representing the City Council and seven representing the Government of Catalonia). It is chaired by the Mayor of the City. A first vice-chair (Government of Catalonia) and second vice-chair (City Council) are appointed. The board may choose to appoint executive directors from among its members (serving for five years renewable once or more times for a period of equal duration). There are currently no executive directors and the company is run by the management. The Management. Imanol Sanz Mart\u00ednez has been manager of Marina Badalona since 1 February 2013. [\/vc_column_text][\/vc_column][\/vc_row][vc_row bottom_padding=&#8221;20&#8243;][vc_column width=&#8221;1\/1&#8243;][vc_column_text][\/vc_column_text][\/vc_column][\/vc_row]<\/p>\n","protected":false},"author":1,"featured_media":0,"parent":0,"menu_order":0,"comment_status":"open","ping_status":"closed","template":"","meta":{"footnotes":""},"class_list":["post-21915","page","type-page","status-publish","hentry"],"_links":{"self":[{"href":"https:\/\/marinabadalona.cat\/en\/wp-json\/wp\/v2\/pages\/21915","targetHints":{"allow":["GET"]}}],"collection":[{"href":"https:\/\/marinabadalona.cat\/en\/wp-json\/wp\/v2\/pages"}],"about":[{"href":"https:\/\/marinabadalona.cat\/en\/wp-json\/wp\/v2\/types\/page"}],"author":[{"embeddable":true,"href":"https:\/\/marinabadalona.cat\/en\/wp-json\/wp\/v2\/users\/1"}],"replies":[{"embeddable":true,"href":"https:\/\/marinabadalona.cat\/en\/wp-json\/wp\/v2\/comments?post=21915"}],"version-history":[{"count":2,"href":"https:\/\/marinabadalona.cat\/en\/wp-json\/wp\/v2\/pages\/21915\/revisions"}],"predecessor-version":[{"id":37762,"href":"https:\/\/marinabadalona.cat\/en\/wp-json\/wp\/v2\/pages\/21915\/revisions\/37762"}],"wp:attachment":[{"href":"https:\/\/marinabadalona.cat\/en\/wp-json\/wp\/v2\/media?parent=21915"}],"curies":[{"name":"wp","href":"https:\/\/api.w.org\/{rel}","templated":true}]}}

<div class="wpb-content-wrapper"><p>[vc_row type=&#8221;full_width_section&#8221;][vc_column width=&#8221;1/1&#8243;][rev_slider_vc alias=&#8221;slide-home&#8221;][/vc_column][/vc_row][vc_row top_padding=&#8221;100&#8243; bottom_padding=&#8221;40&#8243;][vc_column width=&#8221;1/1&#8243;]<h1 class="headline font-special fontsize-xxl fontweight-500 lh-inherit align-center transform-uppercase " style="margin: 0 0 20px 0;">GOVERNING BODIES</h1><div class="headline font-special fontsize-l fontweight-400 lh-inherit align-center transform-inherit " style="margin: 0 0 20px 0; color: #999999;">THE COMPANY’S GOVERNING BODIES ARE THE GENERAL MEETING, THE BOARD OF DIRECTORS AND THE MANAGEMENT</div><div class="divider divider1" style='margin:0px 0 0px 0 !important;'></div>[/vc_column][/vc_row][vc_row top_padding=&#8221;0&#8243; bottom_padding=&#8221;40&#8243; bg_position=&#8221;left top&#8221;][vc_column width=&#8221;1/1&#8243;][vc_column_text]The company’s governing and management bodies are:</p>
<ul>
<li>The General Meeting. This consists of representatives (50% each) of the two partners: Badalona City Council and the Government of Catalonia. It is chaired by the Mayor of the City.</li>
<li>The Board of Directors. This consists of 14 people (seven representing the City Council and seven representing the Government of Catalonia). It is chaired by the Mayor of the City.<br />
A first vice-chair (Government of Catalonia) and second vice-chair (City Council) are appointed. The board may choose to appoint executive directors from among its members (serving for five years renewable once or more times for a period of equal duration). There are currently no executive directors and the company is run by the management.</li>
<li>The Management. <a href="https://marinabadalona.cat/wp-content/uploads/2023/11/CV-Imanol-Sanz-Martinez.pdf" target="_blank" rel="noopener">Imanol Sanz Martínez</a> has been manager of Marina Badalona since 1 February 2013.</li>
</ul>
<p>[/vc_column_text][/vc_column][/vc_row][vc_row bottom_padding=&#8221;20&#8243;][vc_column width=&#8221;1/1&#8243;][vc_column_text]
<table id="tablepress-150" class="tablepress tablepress-id-150">
<tbody class="row-striping row-hover">
<tr class="row-1">
	<td class="column-1">Presidency</td><td class="column-2"><a href="https://www.seu-e.cat/ca/web/badalona/govern-obert-i-transparencia/informacio-institucional-i-organitzativa/organitzacio-politica-i-retribucions/carrecs-electes/-/grupPolitic/veureCarrec/6401?p_auth=p9HYUKJ5o" rel="noopener" target="_blank">Xavier García Albiol</a></td>
</tr>
<tr class="row-2">
	<td class="column-1">First Vice Presidency</td><td class="column-2"><a href="https://www.seu-e.cat/ca/web/badalona/govern-obert-i-transparencia/informacio-institucional-i-organitzativa/organitzacio-politica-i-retribucions/carrecs-electes/-/grupPolitic/veureCarrec/12299?p_auth=p9HYUKJ5" rel="noopener" target="_blank">Fernando Carrera Lopez</a> </td>
</tr>
<tr class="row-3">
	<td class="column-1">Vice-presidency Segona</td><td class="column-2"><a href="https://www.diba.cat/es/web/ladiputacio/ramon-riera-macia" rel="noopener" target="_blank">Ramón Riera Macia </a></td>
</tr>
<tr class="row-4">
	<td class="column-1">Councilors Town hall</td><td class="column-2"><a href="https://www.seu-e.cat/ca/web/badalona/govern-obert-i-transparencia/informacio-institucional-i-organitzativa/organitzacio-politica-i-retribucions/carrecs-electes/-/grupPolitic/veureCarrec/6409?p_auth=p9HYUKJ5" rel="noopener" target="_blank">Rosa del Amo Hernández</a><br />
<a href="https://www.seu-e.cat/ca/web/badalona/govern-obert-i-transparencia/informacio-institucional-i-organitzativa/organitzacio-politica-i-retribucions/carrecs-electes/-/grupPolitic/veureCarrec/12292?p_auth=p9HYUKJ5" rel="noopener" target="_blank">Sonia Egea Pérez</a><br />
<a href="https://www.seu-e.cat/ca/web/badalona/govern-obert-i-transparencia/informacio-institucional-i-organitzativa/organitzacio-politica-i-retribucions/carrecs-electes/-/grupPolitic/veureCarrec/6410?p_auth=p9HYUKJ5" target="_blank" rel="noopener">Florencia Badía Aviño</a>  <br />
<a href="https://www.seu-e.cat/ca/web/badalona/govern-obert-i-transparencia/informacio-institucional-i-organitzativa/organitzacio-politica-i-retribucions/carrecs-electes/-/grupPolitic/veureCarrec/6404?p_auth=p9HYUKJ5" rel="noopener" target="_blank">Daniel Gracia Álvarez</a>  <br />
<a href="https://www.seu-e.cat/ca/web/badalona/govern-obert-i-transparencia/informacio-institucional-i-organitzativa/organitzacio-politica-i-retribucions/carrecs-electes/-/grupPolitic/veureCarrec/12291?p_auth=p9HYUKJ5" rel="noopener" target="_blank">David Mejía Ayra</a></td>
</tr>
<tr class="row-5">
	<td class="column-1">Councilors of the Generalitat</td><td class="column-2"><a href="https://www.accio.gencat.cat/web/.content/05_ACCIO/Agencia/Normativa-legal-i-transparencia/Transparencia/doc/1-organitzacio/perfils/1.2.1.2_Fitxa_Perfil-i-trajectoria-professional_Jaume-Baro-Torres.pdf" rel="noopener" target="_blank">Jaume Baró Torres</a> <br />
<a href="https://marinabadalona.cat/wp-content/uploads/2025/01/Antoni-Espanya-Forcadell.pdf" rel="noopener" target="_blank">Antoni Espanya Forcadell</a><br />
<a href="https://marinabadalona.cat/wp-content/uploads/2025/01/Jonatan-Ferreras-Roman.pdf" rel="noopener" target="_blank">Jonatan Ferreras Román</a><br />
<a href="https://marinabadalona.cat/wp-content/uploads/2025/01/Maria-Jesus-Lopez-Lopez.pdf" rel="noopener" target="_blank">María Jesús López López</a><br />
<a href="https://marinabadalona.cat/wp-content/uploads/2025/01/Manel-Nadal-i-Farreras.pdf" rel="noopener" target="_blank">Manel Nadal i Farreras</a> <br />
<a href="https://marinabadalona.cat/wp-content/uploads/2025/01/David-Prat-Soto.pdf" rel="noopener" target="_blank">David Prat Soto </a></td>
</tr>
</tbody>
</table>
<!-- #tablepress-150 from cache -->[/vc_column_text][/vc_column][/vc_row]</p>
</div>

<p>[vc_row type=&#8221;full_width_section&#8221;][vc_column width=&#8221;1/1&#8243;][rev_slider_vc alias=&#8221;slide-home&#8221;][/vc_column][/vc_row][vc_row top_padding=&#8221;100&#8243; bottom_padding=&#8221;40&#8243;][vc_column width=&#8221;1/1&#8243;][/vc_column][/vc_row][vc_row top_padding=&#8221;0&#8243; bottom_padding=&#8221;40&#8243; bg_position=&#8221;left top&#8221;][vc_column width=&#8221;1/1&#8243;][vc_column_text]The company’s governing and management bodies are: The General Meeting. This consists of representatives (50% each) of the two partners: Badalona City Council and the Government of Catalonia. It is chaired by the Mayor of the City. The Board of Directors. This consists of 14 people (seven representing the City Council and seven representing the Government of Catalonia). It is chaired by the Mayor of the City. A first vice-chair (Government of Catalonia) and second vice-chair (City Council) are appointed. The board may choose to appoint executive directors from among its members (serving for five years renewable once or more times for a period of equal duration). There are currently no executive directors and the company is run by the management. The Management. Imanol Sanz Martínez has been manager of Marina Badalona since 1 February 2013. [/vc_column_text][/vc_column][/vc_row][vc_row bottom_padding=&#8221;20&#8243;][vc_column width=&#8221;1/1&#8243;][vc_column_text][/vc_column_text][/vc_column][/vc_row]</p>
