
{"id":21160,"date":"2021-12-21T13:23:06","date_gmt":"2021-12-21T13:23:06","guid":{"rendered":"https:\/\/novaweb.marinabadalona.cat\/es\/sala-activitats\/"},"modified":"2024-03-15T13:41:36","modified_gmt":"2024-03-15T12:41:36","slug":"sala-de-actividades","status":"publish","type":"page","link":"https:\/\/marinabadalona.cat\/es\/sala-de-actividades\/","title":{"rendered":"SALA DE ACTIVIDADES"},"content":{"rendered":"<div class=\"wpb-content-wrapper\"><p>[vc_row type=\u00bbfull_width_section\u00bb][vc_column width=\u00bb1\/1&#8243;][rev_slider_vc alias=\u00bbslide-home\u00bb][\/vc_column][\/vc_row][vc_row top_padding=\u00bb100&#8243; bottom_padding=\u00bb80&#8243;][vc_column width=\u00bb1\/1&#8243;]<h1 class=\"headline font-special fontsize-xxxl fontweight-500 lh-inherit align-center transform-uppercase \" style=\"margin: 0 0 00px 0;\">SALA DE ACTIVIDADES<\/h1><div class=\"headline font-special fontsize-l fontweight-400 lh-inherit align-center transform-inherit \" style=\"margin: 0 0 00px 0; color: #999999;\">EL CENTRO DE ACTIVIDADES N\u00c1UTICAS FUNCIONA COMO VIVER DE ENTIDADES DEL PUERTO Y COMO ESPACIO COMPLEMENTARIO PARA ACTAS A PIE DE MAR, APARCAMIENTO Y GASTRONOM\u00cdA<\/div>[\/vc_column][\/vc_row][vc_row bg_color=\u00bb#f9f9f9&#8243; top_padding=\u00bb100&#8243; bottom_padding=\u00bb80&#8243;][vc_column width=\u00bb1\/2&#8243;]<h3 class=\"headline font-special fontsize-l fontweight-700 lh-inherit align-left transform-uppercase \" style=\"margin: 0 0 20px 0;\">SALA DE ACTIVIDADES<\/h3>[vc_column_text]<\/p>\n<p style=\"text-align: justify;\">Cursos, formaciones, teambuildings, entrega de premios, reuniones de trabajo\u2026Disponemos de una sala de actividades con un espacio \u00fatil de 110m2 y capacidad aproximada a 50 personas. Podr\u00e1s alquilar la sala, y sumar toda la equipaci\u00f3n complementaria, como proyector y pantalla, conexi\u00f3n wifi, pizarra\u2026 con aparcamiento a escasos metros del local. La sala tambi\u00e9n dispone de un lavabo en el mismo local.<\/p>\n<p style=\"text-align: justify;\">El horario incluido en la reserva habitual de la sala es de\u00a09h\u00a0a\u00a020h\u00a0de lunes a domingo, se aceptan ampliaciones sujetas a tarifas especiales. El alquiler base incluye el uso de la sala y el mobiliario (mesas y sillas), el suministro el\u00e9ctrico y la limpieza previa y posterior. Los complementos computan como extras. Realiza la actividad que tienes que programar en un entorno al lado del mar, en el mismo eje de los servicios de restauraci\u00f3n. Seguro que el equipo te lo agradece y la creatividad se potencia.<\/p>\n<p style=\"text-align: justify;\">El espacio, conocido en el Puerto como Centro de Actividades N\u00e1uticas, es el centro c\u00edvico del Puerto y\u00a0tambi\u00e9n el espacio de encuentro del distrito, siendo la sede social de los diferentes clubes y entidades deportivas, de forma que es un espacio din\u00e1mico sede de m\u00faltiples actividades.<\/p>\n<p>[\/vc_column_text][\/vc_column][vc_column width=\u00bb1\/2&#8243;]<div class=\"single_image wpb_content_element align-center    \" data-animation=\"none\" data-delay=\"0\"><img loading=\"lazy\" decoding=\"async\" width=\"2560\" height=\"1710\" src=\"https:\/\/marinabadalona.cat\/wp-content\/uploads\/2024\/03\/sala-1-scaled.jpg\" class=\"attachment-full\" alt=\"\" title=\"sala-1\" srcset=\"https:\/\/marinabadalona.cat\/wp-content\/uploads\/2024\/03\/sala-1-scaled.jpg 2560w, https:\/\/marinabadalona.cat\/wp-content\/uploads\/2024\/03\/sala-1-300x200.jpg 300w, https:\/\/marinabadalona.cat\/wp-content\/uploads\/2024\/03\/sala-1-1024x684.jpg 1024w, https:\/\/marinabadalona.cat\/wp-content\/uploads\/2024\/03\/sala-1-768x513.jpg 768w, https:\/\/marinabadalona.cat\/wp-content\/uploads\/2024\/03\/sala-1-391x260.jpg 391w, https:\/\/marinabadalona.cat\/wp-content\/uploads\/2024\/03\/sala-1-1536x1026.jpg 1536w, https:\/\/marinabadalona.cat\/wp-content\/uploads\/2024\/03\/sala-1-2048x1368.jpg 2048w, https:\/\/marinabadalona.cat\/wp-content\/uploads\/2024\/03\/sala-1-600x401.jpg 600w\" sizes=\"auto, (max-width: 2560px) 100vw, 2560px\" \/><\/div>[\/vc_column][\/vc_row][vc_row type=\u00bbfull_width_section\u00bb][vc_column width=\u00bb1\/2&#8243;]<div class=\"single_image wpb_content_element align-left    \" data-animation=\"none\" data-delay=\"0\"><img loading=\"lazy\" decoding=\"async\" width=\"2560\" height=\"1920\" src=\"https:\/\/marinabadalona.cat\/wp-content\/uploads\/2024\/03\/sala-2-2-scaled.jpg\" class=\"attachment-full\" alt=\"\" title=\"sala 2\" srcset=\"https:\/\/marinabadalona.cat\/wp-content\/uploads\/2024\/03\/sala-2-2-scaled.jpg 2560w, https:\/\/marinabadalona.cat\/wp-content\/uploads\/2024\/03\/sala-2-2-300x225.jpg 300w, https:\/\/marinabadalona.cat\/wp-content\/uploads\/2024\/03\/sala-2-2-1024x768.jpg 1024w, https:\/\/marinabadalona.cat\/wp-content\/uploads\/2024\/03\/sala-2-2-768x576.jpg 768w, https:\/\/marinabadalona.cat\/wp-content\/uploads\/2024\/03\/sala-2-2-1536x1152.jpg 1536w, https:\/\/marinabadalona.cat\/wp-content\/uploads\/2024\/03\/sala-2-2-2048x1536.jpg 2048w, https:\/\/marinabadalona.cat\/wp-content\/uploads\/2024\/03\/sala-2-2-600x450.jpg 600w\" sizes=\"auto, (max-width: 2560px) 100vw, 2560px\" \/><\/div>[\/vc_column][vc_column width=\u00bb1\/2&#8243;]<div class=\"single_image wpb_content_element align-left    \" data-animation=\"none\" data-delay=\"0\"><img loading=\"lazy\" decoding=\"async\" width=\"2560\" height=\"1920\" src=\"https:\/\/marinabadalona.cat\/wp-content\/uploads\/2024\/03\/sala-3-1-scaled.jpg\" class=\"attachment-full\" alt=\"\" title=\"sala 3\" srcset=\"https:\/\/marinabadalona.cat\/wp-content\/uploads\/2024\/03\/sala-3-1-scaled.jpg 2560w, https:\/\/marinabadalona.cat\/wp-content\/uploads\/2024\/03\/sala-3-1-300x225.jpg 300w, https:\/\/marinabadalona.cat\/wp-content\/uploads\/2024\/03\/sala-3-1-1024x768.jpg 1024w, https:\/\/marinabadalona.cat\/wp-content\/uploads\/2024\/03\/sala-3-1-768x576.jpg 768w, https:\/\/marinabadalona.cat\/wp-content\/uploads\/2024\/03\/sala-3-1-1536x1152.jpg 1536w, https:\/\/marinabadalona.cat\/wp-content\/uploads\/2024\/03\/sala-3-1-2048x1536.jpg 2048w, https:\/\/marinabadalona.cat\/wp-content\/uploads\/2024\/03\/sala-3-1-600x450.jpg 600w\" sizes=\"auto, (max-width: 2560px) 100vw, 2560px\" \/><\/div>[\/vc_column][\/vc_row]<\/p>\n<\/div>","protected":false},"excerpt":{"rendered":"<p>[vc_row type=\u00bbfull_width_section\u00bb][vc_column width=\u00bb1\/1&#8243;][rev_slider_vc alias=\u00bbslide-home\u00bb][\/vc_column][\/vc_row][vc_row top_padding=\u00bb100&#8243; bottom_padding=\u00bb80&#8243;][vc_column width=\u00bb1\/1&#8243;][\/vc_column][\/vc_row][vc_row bg_color=\u00bb#f9f9f9&#8243; top_padding=\u00bb100&#8243; bottom_padding=\u00bb80&#8243;][vc_column width=\u00bb1\/2&#8243;][vc_column_text] Cursos, formaciones, teambuildings, entrega de premios, reuniones de trabajo\u2026Disponemos de una sala de actividades con un espacio \u00fatil de 110m2 y capacidad aproximada a 50 personas. Podr\u00e1s alquilar la sala, y sumar toda la equipaci\u00f3n complementaria, como proyector y pantalla, conexi\u00f3n wifi, pizarra\u2026 con aparcamiento a escasos metros del local. La sala tambi\u00e9n dispone de un lavabo en el mismo local. El horario incluido en la reserva habitual de la sala es de\u00a09h\u00a0a\u00a020h\u00a0de lunes a domingo, se aceptan ampliaciones sujetas a tarifas especiales. El alquiler base incluye el uso de la sala y el mobiliario (mesas y sillas), el suministro el\u00e9ctrico y la limpieza previa y posterior. Los complementos computan como extras. Realiza la actividad que tienes que programar en un entorno al lado del mar, en el mismo eje de los servicios de restauraci\u00f3n. Seguro que el equipo te lo agradece y la creatividad se potencia. El espacio, conocido en el Puerto como Centro de Actividades N\u00e1uticas, es el centro c\u00edvico del Puerto y\u00a0tambi\u00e9n el espacio de encuentro del distrito, siendo la sede social de los diferentes clubes y entidades deportivas, de forma que es un espacio din\u00e1mico [&hellip;]<\/p>\n","protected":false},"author":1,"featured_media":0,"parent":0,"menu_order":0,"comment_status":"open","ping_status":"closed","template":"","meta":{"footnotes":""},"class_list":["post-21160","page","type-page","status-publish","hentry"],"_links":{"self":[{"href":"https:\/\/marinabadalona.cat\/es\/wp-json\/wp\/v2\/pages\/21160","targetHints":{"allow":["GET"]}}],"collection":[{"href":"https:\/\/marinabadalona.cat\/es\/wp-json\/wp\/v2\/pages"}],"about":[{"href":"https:\/\/marinabadalona.cat\/es\/wp-json\/wp\/v2\/types\/page"}],"author":[{"embeddable":true,"href":"https:\/\/marinabadalona.cat\/es\/wp-json\/wp\/v2\/users\/1"}],"replies":[{"embeddable":true,"href":"https:\/\/marinabadalona.cat\/es\/wp-json\/wp\/v2\/comments?post=21160"}],"version-history":[{"count":2,"href":"https:\/\/marinabadalona.cat\/es\/wp-json\/wp\/v2\/pages\/21160\/revisions"}],"predecessor-version":[{"id":37963,"href":"https:\/\/marinabadalona.cat\/es\/wp-json\/wp\/v2\/pages\/21160\/revisions\/37963"}],"wp:attachment":[{"href":"https:\/\/marinabadalona.cat\/es\/wp-json\/wp\/v2\/media?parent=21160"}],"curies":[{"name":"wp","href":"https:\/\/api.w.org\/{rel}","templated":true}]}}

<div class="wpb-content-wrapper"><p>[vc_row type=»full_width_section»][vc_column width=»1/1&#8243;][rev_slider_vc alias=»slide-home»][/vc_column][/vc_row][vc_row top_padding=»100&#8243; bottom_padding=»80&#8243;][vc_column width=»1/1&#8243;]<h1 class="headline font-special fontsize-xxxl fontweight-500 lh-inherit align-center transform-uppercase " style="margin: 0 0 00px 0;">SALA DE ACTIVIDADES</h1><div class="headline font-special fontsize-l fontweight-400 lh-inherit align-center transform-inherit " style="margin: 0 0 00px 0; color: #999999;">EL CENTRO DE ACTIVIDADES NÁUTICAS FUNCIONA COMO VIVER DE ENTIDADES DEL PUERTO Y COMO ESPACIO COMPLEMENTARIO PARA ACTAS A PIE DE MAR, APARCAMIENTO Y GASTRONOMÍA</div>[/vc_column][/vc_row][vc_row bg_color=»#f9f9f9&#8243; top_padding=»100&#8243; bottom_padding=»80&#8243;][vc_column width=»1/2&#8243;]<h3 class="headline font-special fontsize-l fontweight-700 lh-inherit align-left transform-uppercase " style="margin: 0 0 20px 0;">SALA DE ACTIVIDADES</h3>[vc_column_text]</p>
<p style="text-align: justify;">Cursos, formaciones, teambuildings, entrega de premios, reuniones de trabajo…Disponemos de una sala de actividades con un espacio útil de 110m2 y capacidad aproximada a 50 personas. Podrás alquilar la sala, y sumar toda la equipación complementaria, como proyector y pantalla, conexión wifi, pizarra… con aparcamiento a escasos metros del local. La sala también dispone de un lavabo en el mismo local.</p>
<p style="text-align: justify;">El horario incluido en la reserva habitual de la sala es de 9h a 20h de lunes a domingo, se aceptan ampliaciones sujetas a tarifas especiales. El alquiler base incluye el uso de la sala y el mobiliario (mesas y sillas), el suministro eléctrico y la limpieza previa y posterior. Los complementos computan como extras. Realiza la actividad que tienes que programar en un entorno al lado del mar, en el mismo eje de los servicios de restauración. Seguro que el equipo te lo agradece y la creatividad se potencia.</p>
<p style="text-align: justify;">El espacio, conocido en el Puerto como Centro de Actividades Náuticas, es el centro cívico del Puerto y también el espacio de encuentro del distrito, siendo la sede social de los diferentes clubes y entidades deportivas, de forma que es un espacio dinámico sede de múltiples actividades.</p>
<p>[/vc_column_text][/vc_column][vc_column width=»1/2&#8243;]<div class="single_image wpb_content_element align-center    " data-animation="none" data-delay="0"><img loading="lazy" decoding="async" width="2560" height="1710" src="https://marinabadalona.cat/wp-content/uploads/2024/03/sala-1-scaled.jpg" class="attachment-full" alt="" title="sala-1" srcset="https://marinabadalona.cat/wp-content/uploads/2024/03/sala-1-scaled.jpg 2560w, https://marinabadalona.cat/wp-content/uploads/2024/03/sala-1-300x200.jpg 300w, https://marinabadalona.cat/wp-content/uploads/2024/03/sala-1-1024x684.jpg 1024w, https://marinabadalona.cat/wp-content/uploads/2024/03/sala-1-768x513.jpg 768w, https://marinabadalona.cat/wp-content/uploads/2024/03/sala-1-391x260.jpg 391w, https://marinabadalona.cat/wp-content/uploads/2024/03/sala-1-1536x1026.jpg 1536w, https://marinabadalona.cat/wp-content/uploads/2024/03/sala-1-2048x1368.jpg 2048w, https://marinabadalona.cat/wp-content/uploads/2024/03/sala-1-600x401.jpg 600w" sizes="auto, (max-width: 2560px) 100vw, 2560px" /></div>[/vc_column][/vc_row][vc_row type=»full_width_section»][vc_column width=»1/2&#8243;]<div class="single_image wpb_content_element align-left    " data-animation="none" data-delay="0"><img loading="lazy" decoding="async" width="2560" height="1920" src="https://marinabadalona.cat/wp-content/uploads/2024/03/sala-2-2-scaled.jpg" class="attachment-full" alt="" title="sala 2" srcset="https://marinabadalona.cat/wp-content/uploads/2024/03/sala-2-2-scaled.jpg 2560w, https://marinabadalona.cat/wp-content/uploads/2024/03/sala-2-2-300x225.jpg 300w, https://marinabadalona.cat/wp-content/uploads/2024/03/sala-2-2-1024x768.jpg 1024w, https://marinabadalona.cat/wp-content/uploads/2024/03/sala-2-2-768x576.jpg 768w, https://marinabadalona.cat/wp-content/uploads/2024/03/sala-2-2-1536x1152.jpg 1536w, https://marinabadalona.cat/wp-content/uploads/2024/03/sala-2-2-2048x1536.jpg 2048w, https://marinabadalona.cat/wp-content/uploads/2024/03/sala-2-2-600x450.jpg 600w" sizes="auto, (max-width: 2560px) 100vw, 2560px" /></div>[/vc_column][vc_column width=»1/2&#8243;]<div class="single_image wpb_content_element align-left    " data-animation="none" data-delay="0"><img loading="lazy" decoding="async" width="2560" height="1920" src="https://marinabadalona.cat/wp-content/uploads/2024/03/sala-3-1-scaled.jpg" class="attachment-full" alt="" title="sala 3" srcset="https://marinabadalona.cat/wp-content/uploads/2024/03/sala-3-1-scaled.jpg 2560w, https://marinabadalona.cat/wp-content/uploads/2024/03/sala-3-1-300x225.jpg 300w, https://marinabadalona.cat/wp-content/uploads/2024/03/sala-3-1-1024x768.jpg 1024w, https://marinabadalona.cat/wp-content/uploads/2024/03/sala-3-1-768x576.jpg 768w, https://marinabadalona.cat/wp-content/uploads/2024/03/sala-3-1-1536x1152.jpg 1536w, https://marinabadalona.cat/wp-content/uploads/2024/03/sala-3-1-2048x1536.jpg 2048w, https://marinabadalona.cat/wp-content/uploads/2024/03/sala-3-1-600x450.jpg 600w" sizes="auto, (max-width: 2560px) 100vw, 2560px" /></div>[/vc_column][/vc_row]</p>
</div>

<p>[vc_row type=»full_width_section»][vc_column width=»1/1&#8243;][rev_slider_vc alias=»slide-home»][/vc_column][/vc_row][vc_row top_padding=»100&#8243; bottom_padding=»80&#8243;][vc_column width=»1/1&#8243;][/vc_column][/vc_row][vc_row bg_color=»#f9f9f9&#8243; top_padding=»100&#8243; bottom_padding=»80&#8243;][vc_column width=»1/2&#8243;][vc_column_text] Cursos, formaciones, teambuildings, entrega de premios, reuniones de trabajo…Disponemos de una sala de actividades con un espacio útil de 110m2 y capacidad aproximada a 50 personas. Podrás alquilar la sala, y sumar toda la equipación complementaria, como proyector y pantalla, conexión wifi, pizarra… con aparcamiento a escasos metros del local. La sala también dispone de un lavabo en el mismo local. El horario incluido en la reserva habitual de la sala es de 9h a 20h de lunes a domingo, se aceptan ampliaciones sujetas a tarifas especiales. El alquiler base incluye el uso de la sala y el mobiliario (mesas y sillas), el suministro eléctrico y la limpieza previa y posterior. Los complementos computan como extras. Realiza la actividad que tienes que programar en un entorno al lado del mar, en el mismo eje de los servicios de restauración. Seguro que el equipo te lo agradece y la creatividad se potencia. El espacio, conocido en el Puerto como Centro de Actividades Náuticas, es el centro cívico del Puerto y también el espacio de encuentro del distrito, siendo la sede social de los diferentes clubes y entidades deportivas, de forma que es un espacio dinámico [&hellip;]</p>
